 g(6).
4
Let t(s) = 14*s**2 - 13*s**2 + s - 2*s + 3. Give t(3).
9
Let j(p) = 3*p**2 - 3*p + 5. Let r(b) = -8*b**2 + 9*b - 14. Let v(u) = -11*j(u) - 4*r(u). Calculate v(2).
-9
Suppose -p - 5*i - 9 = 0, 11 = -4*p + 4*i + i. Let a(b) = 3*b**2 - b - 1. Let c be a(-1). Let g(q) = 3 + q**2 + 0*q + 3*q + c*q**2 + q**3 - q. Determine g(p).
-5
Let b be (4 - 3)*-1*0. Let v(x) = -x - 1 + 4*x + b*x. Give v(3).
8
Let t(y) = 20*y - 3. Let g(s) = -1. Let i(z) = 2*g(z) - t(z). Let f be i(-1). Let x be (f/14)/(6/(-8)). Let l(w) = w**2 - w - 1. Determine l(x).
5
Let z be 3/2 - (-28)/(-56). Let w(a) = 17*a**2 + 2*a - 1. Determine w(z).
18
Suppose 2*u = 6 - 0. Suppose -2*z - z = -u*n + 21, -2*n + 3*z + 13 = 0. Suppose 3*r - n = -2. Let h(l) = l**3 - 3*l**2 + 4*l - 2. Calculate h(r).
2
Let f(r) = -3*r**2 + 4. Let c(g) = g**2 + g - 2. Let t(u) = 5*c(u) + 2*f(u). Give t(7).
-16
Suppose f = 1 - 4. Let a = f + 2. Let u(x) = 8*x**2 + 2*x + 1. What is u(a)?
7
Let d = 30 + -34. Let l(x) = x**2 + 4*x - 5. What is l(d)?
-5
Let l = 1 - 3. Let j(a) = a**2 - 2. Determine j(l).
2
Let s(a) = -a + 1. Suppose 2*c - 20 = 2*q, -3*q + 4*q + 4*c = 15. Let p be q*(-4)/8*-2. Calculate s(p).
6
Let g = 11 - 19. Let c(r) = -3*r - 12. Give c(g).
12
Let t(i) = i - 4. Let a be t(9). Let w(z) = 1. Let m(f) = f + 1. Let c(q) = m(q) - w(q). Determine c(a).
5
Suppose 0 = w + w + 8. Let h(s) be the second derivative of s**6/240 + s**5/20 - s**4/12 + 3*s. Let a(q) be the third derivative of h(q). Give a(w).
-6
Let t(d) = 3 + 6*d + d**2 + 0 + 0*d**2 - 1. Let m be -7 + 1/(((-10)/(-6))/5). What is t(m)?
-6
Let f(r) be the second derivative of 2*r**5/5 + r**4/12 - r**3/6 + r**2/2 - r. Suppose -17*z = -z - 16. Determine f(z).
9
Let p(d) = -d - 4. Suppose 7*j - j + 24 = 0. Determine p(j).
0
Let v(g) = -g - 1. Let q = 82 - 84. Determine v(q).
1
Let s(o) = -o**3 - 9*o**2 - 7*o + 8. Let d be s(-8). Let m(r) = d*r + 4 + r + 2. What is m(0)?
6
Let b(h) = h**2 - 7*h + 1. Let f(d) = d**2 + 5*d - 8. Let m be f(-7). Give b(m).
-5
Suppose -2*b + 20 = 3*b, -i + 4*b - 22 = 0. Let s(j) be the first derivative of -j**4/4 - 5*j**3/3 + 3*j**2/2 - 4*j + 5. Calculate s(i).
14
Let p(o) = 2*o**2 - 2*o. Let c(u) = -304 + 3*u**2 - 3*u + 304. Let b(k) = 3*c(k) - 4*p(k). Determine b(-2).
6
Let n(d) = -d**3 - d**2 + d - 1. Let y be n(-2). Let o(j) = y - j**2 + 0*j**2 + 0*j**2 + 0. Determine o(3).
-8
Let f(u) be the second derivative of u**4/12 - 2*u**3/3 - 3*u**2/2 - 9*u. Give f(4).
-3
Let d(m) = -6*m + 0 + 4 - m**2 + 0*m + m. Let v = 11 - 16. Determine d(v).
4
Let r(w) = -w**3 + 6*w**2. Let v be r(6). Let a(f) = 1 - 1 + v - 5*f - 2. Give a(-2).
8
Let i(d) be the third derivative of -d**4/24 - d**3 + d**2. Give i(-3).
-3
Let p(l) = 2*l**2 + 3*l + 1 + 4*l - 6*l. Let t be (100/300)/(1/(-3)). Give p(t).
2
Let n(x) = 7*x - 15. Let b(s) = 4*s - 8. Let v(w) = 5*b(w) - 3*n(w). Determine v(-7).
12
Suppose -26 = -3*o + 10. Suppose -2*g + g + 5*f = -3, -o = -4*g + 5*f. Let j(p) = -2*p. What is j(g)?
-6
Let b(r) be the first derivative of r**2 + 5*r + 2. Let a = -28 - -24. What is b(a)?
-3
Let a(o) = o**2 + 9*o - 5. Suppose 17*j + 92 = -78. What is a(j)?
5
Let l(k) = k. Suppose 3*q - 1 = 2*q. Let r be 6/(1 + (2 - q)). Let y be l(r). Let i(x) = x - 5. Give i(y).
-2
Let g(y) = y**3 + 15*y**2 + 15*y + 10. Let l be g(-14). Let r(n) = -n**3 - 3*n**2 + 4*n - 1. Calculate r(l).
-1
Let l(o) = -3*o - 2. Let q(g) = -3*g**2 + 1. Let x be q(1). What is l(x)?
4
Let c(m) = 17 + 4*m - 22 - m. Give c(6).
13
Let z(w) = -4*w + 0*w + w**3 - 7 + w + 6*w**2 - 4*w. What is z(-7)?
-7
Let z(u) = u + 7. Suppose -6*k = -2*k + 8. Let h be ((-6)/(-12))/(k/24). Give z(h).
1
Let w(y) be the second derivative of -y**6/180 - y**4/4 + 2*y. Let d(t) be the third derivative of w(t). Let v be (-11)/(-9) + (-2)/9. Calculate d(v).
-4
Let o(p) = -p**2 + 5*p + 11 + 7 - 12. Suppose -4*x + 158 = 5*m, 3*m - 74 = 4*x + 8. Suppose 5*i = -5*f, -2*i - m = 2*f - 6*f. Determine o(f).
6
Let n(j) = -58*j**2 + 0*j**3 + 53*j**2 - 3*j - j**3. Suppose 2*m = -0 - 6. Determine n(m).
-9
Let x(w) = 3*w - 4. Suppose 0 = 2*r + 3 + 1. Let n be (-1)/((-21)/9 - r). Determine x(n).
5
Let x(a) = -2 + 0*a**3 + 4 - a**3. Suppose 0 = 8*t - 3*t. Suppose -s - k = 1, -1 = 5*s + k - t. Calculate x(s).
2
Let u(h) = h - 4. Let q = -31 - -34. Determine u(q).
-1
Let p(t) = t**3 + 6*t**2 - 5*t + 7. Let m be 2*(-14)/16*4. Determine p(m).
-7
Suppose -o + 2 - 1 = 0. Let y(b) be the second derivative of 1/3*b**3 + 3*b + 1/12*b**4 + 0 - 1/2*b**2. Calculate y(o).
2
Let i(o) = o. Let l be i(-2). Let u(s) be the first derivative of -s**2 - 1. What is u(l)?
4
Suppose -u = k - 2, -3*k = -3*u - u - 13. Let x(t) = k - 3*t + 4*t - 4*t. What is x(3)?
-6
Let o(q) = q**2 - 7*q + 4. Let p be o(7). Let x(v) be the first derivative of 2 - 2*v**2 - v**2 + p*v**2. Determine x(1).
2
Let a(y) = y**2 - 3*y + 1. Let s be a(3). Suppose s - 5 = -2*z. Let q(m) = 6*m - 6 + 2 + 0 - m**z - 2. Calculate q(4).
2
Let q be (3 - (-6)/(-4))*2. Suppose -6 - 3 = q*j. Let r(z) be the first derivative of -z**4/4 - 4*z**3/3 - 2*z**2 - 3*z + 1. Determine r(j).
0
Let w(m) = 1. Let t(c) be the first derivative of c**3/3 + c**2/2 + 4*c + 2. Let f(d) = -2*t(d) + 9*w(d). What is f(-2)?
-3
Let d = -5 - 1. Let z = d - -4. Let b(p) = -2*p**3 - 2*p**2 - p - 2. What is b(z)?
8
Let a(v) = -2 - 7*v**2 + 3 + 5*v**2 + 0*v**2. Determine a(-1).
-1
Let x be (-6)/(-21) + 2/(-7). Suppose 5*d + 1 = 6. Let v(y) = -d + y - 4 - 2. Determine v(x).
-7
Let a(v) = -8*v - 1. Suppose -r - 4 = -2*c + 1, 2*c - 8 = 4*r. Determine a(c).
-17
Let w(y) be the first derivative of -y**3/3 + 7*y**2/2 - 4*y - 1. Let z(k) = 2*k**2 - 28*k - 24. Let b be z(15). What is w(b)?
2
Suppose -27 = 3*s + 3*y, 3*y = -5*s + 4*s - 17. Let m(v) be the third derivative of -v**3 - 1/120*v**6 + 0*v - 1/10*v**5 - 7/24*v**4 + 2*v**2 + 0. What is m(s)?
4
Let t(l) = -4*l**3 - 14*l + 5*l**3 + 7*l + 4*l**2 + 5*l - 2. Give t(2).
18
Let n(x) = x**3 + x**2 - 2*x + 3. Suppose -2*r + 11 = 17. Calculate n(r).
-9
Let p(b) = b - 13. Let r be p(9). Let i(t) = t**2 + 9*t + 6. Determine i(r).
-14
Let b(d) = d**2 - 4*d + 2. Let c be b(3). Let s(k) = 8*k + 1. What is s(c)?
-7
Let g(k) = k**3 + 5*k**2 + 5*k + 4. Suppose -2*m - i = 17, 0 = -4*m + 8*m + 5*i + 25. Let b be (8/(-10))/((-2)/m). Give g(b).
0
Let h = 8 + -2. Suppose 4*u - 5*p = h, -p + 4*p = -u + 10. Let n(y) = 2*y - u + 3*y + 2. Determine n(2).
8
Suppose -b - 12 = -9. Let q be ((3 - 2)/1)/(-1). Let z be -3 + 2 + q + b. Let f(r) = -r**2 - 7*r. Determine f(z).
10
Let m(k) be the first derivative of -3*k**2 + 2. Let p be m(-1). Let r = -3 + p. Let w(o) = -o**3 + 3*o**2 - 2*o - 3. Give w(r).
-9
Let h(y) = 4*y**2 + 2*y - 2. Let i be 78/42 - (-3)/21. Determine h(i).
18
Let i(b) be the second derivative of -b**3/3 + 7*b**2/2 + 3*b. Give i(6).
-5
Let w(z) = -z + 12 + 1 - 15. What is w(3)?
-5
Let u(g) = -11*g + 15. Let b(s) = 6*s - 7. Let z(w) = 9*b(w) + 4*u(w). Calculate z(2).
17
Let l(f) = -f**3 + 6*f**2 - 5*f - 3. Let m(t) = t**3 + 4*t**2 + 2*t + 1. Let b be m(-3). What is l(b)?
9
Let m(b) be the first derivative of b**4/12 + b**3/6 + 2*b**2 - 8. Let g(c) be the second derivative of m(c). Determine g(1).
3
Suppose 0 = 3*v - 36 - 9. Let j = v + -16. Let w(b) = -16*b - 1. What is w(j)?
15
Let i(w) = -8*w - 7. Let l(u) = -7*u - 6. Let c(j) = -6*i(j) + 7*l(j). Give c(-5).
5
Let k = -202 - -206. Let w(m) be the third derivative of -k*m**2 + 0 + 1/12*m**5 + 1/4*m**4 - 1/120*m**6 + 1/3*m**3 + 0*m. Give w(6).
2
Let l(g) be the third derivative of -g**6/120 - g**5/30 - g**4/8 - g**3/3 - 9*g**2. Determine l(-2).
4
Let o(d) = d**3 - 9*d**2 + 10*d - 20. Let b be o(8). Let j(s) = s**3 + 5*s**2 + 5*s - 2. What is j(b)?
-6
Let t(s) = 0*s**2 - s**2 + 0*s - 3*s. Let f(v) = -v**2 - 2*v. Let n(g) = 8*f(g) - 5*t(g). What is n(-1)?
-2
Let s(u) = -u + 2. Let k(b) = -6*b + 10. Let d(f) = -2*k(f) + 11*s(f). Let j be d(-1). Let v(t) = t + 0 - 2 + j. What is v(-5)?
-6
Let f(r) = r**2 - r + 4. Let p(i) = -i**2 + 10*i - 7. Let x be p(7). Let m be x/(-7)*(-6)/4. Calculate f(m).
10
Let t(y) = 4*y + 2. Let b(v) = -v. Let c(n) = -6*b(n) - 2*t(n). What is c(-5)?
6
Suppose 5*r + 0 = 4*l + 3, -4*l = -12. Let g(u) = 5*u**2 - 7*u + 13. Let x(z) = 4*z**2 - 7*z + 10. Let o(k) = 3*g(k) - 4*x(k). Give o(r).
11
Let